 is divided by q?
3
Let q = 73 - 38. Suppose 10 + q = 5*w. Calculate the remainder when (51/(-9))/(2/(-6)) is divided by w.
8
Let h(m) = -m + 1. Let a be h(1). Suppose a = 2*o - 6*o + 28. Calculate the remainder when 26 is divided by o.
5
Suppose -452 = -4*i + 2*d + 2*d, 5*i - 2*d - 550 = 0. What is the remainder when i is divided by 56?
52
Suppose -2*b = -j + 2, 3*b - 22 = -j - 0. Suppose 4*y + j = 46. Calculate the remainder when 34 is divided by y.
7
Suppose z - 2*h - 3*h = 34, -2*z = -3*h - 82. What is the remainder when z is divided by 9?
8
Let p = 3 - -3. Let t = p - -25. Let b = t + -9. What is the remainder when b is divided by 8?
6
Let k = -6 + 2. What is the remainder when ((-2)/k)/((-2)/(-96)) is divided by 9?
6
Suppose m = 3*x - 1, 4*m + 4 = 5*x - 0*m. Suppose x = 5*u + 31 - 121. What is the remainder when 53 is divided by u?
17
Suppose -2*i + 126 = -10. Calculate the remainder when i is divided by 18.
14
Let a(q) = -q**3 - 9*q**2 - 5*q. Let b be a(-9). Suppose -3*i = b - 174. Calculate the remainder when i is divided by 22.
21
Let m(z) = -10*z. Let h be m(1). Let p be (-128)/(-40)*15/2. Let y = p + h. What is the remainder when 25 is divided by y?
11
Let f(s) = -s - 3. Let o be f(-3). Suppose 0 = -5*q + 2*r + 5 - 3, 5*q + 2*r - 18 = o. Calculate the remainder when q is divided by 2.
0
Let w(k) = 22*k**3 - k**2 - k + 1. Suppose 0 = 3*p - 5*p + 2. Calculate the remainder when w(p) is divided by 6.
3
Let w be 4/(-22) + (-798)/(-33). What is the remainder when ((-18)/8)/((-2)/8) is divided by 8/w - 14/(-3)?
4
Suppose -6*b = -b. Suppose -9 = 4*n + 5*g, 3*n + 2*n - 4*g + 1 = b. What is the remainder when (-8)/1*3/n is divided by 13?
11
Suppose -3*x = -8*x. Let y = 10 - -5. Calculate the remainder when 43*((0 - -1) + x) is divided by y.
13
Let x(i) = 3 - i**2 + 8*i - 2*i + 1. What is the remainder when (-16 - 2)/((36/(-16))/3) is divided by x(5)?
6
Calculate the remainder when 5 is divided by 115/35 + 2/(-7).
2
Calculate the remainder when 0 + (-13)/(-3) - (-2)/3 is divided by 2.
1
What is the remainder when 48 is divided by 1 + 15 + -6 + 3?
9
Let j(y) = -y**3 - 12*y**2 + 16*y - 17. Let n be j(-14). Suppose -5*s - 41 = -n. What is the remainder when 64 is divided by s?
20
Let s(r) = 11*r - 3. Let g(v) = -v**3 - v**2 + v. Let n be g(-4). Suppose -2 - n = -2*a. Calculate the remainder when a is divided by s(1).
7
Suppose 5*w + 5*i - 40 = 0, -4 = 2*i - 14. Suppose -b = -w*b + 6. Suppose -33 = -5*z - b. Calculate the remainder when 11 is divided by z.
5
Let f = -1 - -4. Suppose -9 = -5*x + 16. Suppose 2*j = 3*j + h + 3, -x*h = f*j + 17. Calculate the remainder when 1 is divided by j.
0
Let n(g) = -g**2 - 14*g - 17. Let h(v) = v**3 + 4*v**2 - 5*v. Let r = -4 - 0. What is the remainder when h(r) is divided by n(-12)?
6
Let c = -35 - -42. What is the remainder when 26 is divided by c?
5
Suppose -3*c + 20 = c. Suppose -4*v + 6 + c = -y, -4*y - 18 = -3*v. What is the remainder when ((-6)/(-8))/((-1)/(-4)) is divided by v?
1
Let g(t) = -t**3 + 6*t**2 + 5*t + 7. Let q be g(7). Let m = 18 + q. What is the remainder when 32 is divided by m?
10
Let p = 14 + -5. Let q = 7 + -4. Suppose -2*x = -5*j + 140, 0*j + 88 = q*j - 2*x. Calculate the remainder when j is divided by p.
8
Calculate the remainder when 5*((-54)/(-20))/((-6)/(-8)) is divided by 7.
4
Suppose 5*l = 2*l + 36. Suppose 4*p - l = -2*r, -4*p = -2*r - 2*p + 24. Suppose -2*n + 16 = 2*n. Calculate the remainder when r is divided by n.
2
Let w(x) = 4 + 1 + x + x. Calculate the remainder when 58 is divided by w(5).
13
Let p = -29 - -60. What is the remainder when 57 is divided by p?
26
Let g(l) = -l**3 + 7*l**2 - 8*l + 6. What is the remainder when 47 is divided by g(5)?
15
Let u(y) = y**3 - 6*y**2 + 2*y - 8. Let o(a) = -a**3 + 15*a**2 - a + 19. Calculate the remainder when u(6) is divided by o(15).
0
Let s(l) = l**2 + 4*l + 2. Let t be s(-4). Suppose 0 = -t*v - v + 18. Calculate the remainder when v is divided by 4.
2
Let c = 41 - 24. Let w = 78 + -45. What is the remainder when w is divided by c?
16
Suppose 0 = 7*a - a - 30. What is the remainder when 14 is divided by a?
4
Suppose -18 = -3*s + 4*k - 7*k, 0 = -5*k + 10. Suppose -b - s*b = -100. Calculate the remainder when b is divided by 11.
9
Let c(m) = m**2 - 9*m + 2. Let p be c(8). Let v = 4 + p. Calculate the remainder when (9/v)/((-1)/6) is divided by 14.
13
Let l be (4 + -2)*(-195)/(-2). What is the remainder when (-4)/14 - l/(-21) is divided by 5?
4
Suppose -9*a = -179 - 64. Calculate the remainder when a is divided by 6.
3
Suppose -313 = -4*s - 5*i, -2*s = -8*i + 3*i - 149. Calculate the remainder when s is divided by 28.
21
Let v be -2 + -4*1*-7. Suppose 5*z = -3*r + 49, -2*z + v = -r - r. Suppose -15 = -5*w + 5*p, -p + z = 4*w - 6*p. Calculate the remainder when w is divided by 3.
1
Let o = -3 - -5. Suppose o*k = 4*k - 18. Calculate the remainder when (63/(-18) - -5)*104/6 is divided by k.
8
Let z = 56 + -29. Suppose 14 = -q + 2*q. Calculate the remainder when z is divided by q.
13
Suppose 690 = 3*c + 2*c. Suppose 0 = -l - l + c. Suppose -l = -0*w - 3*w. Calculate the remainder when w is divided by 8.
7
Let v = -171 + 117. Let o = v + 75. Calculate the remainder when o is divided by 12.
9
What is the remainder when 221 is divided by (2/(-3))/(7/(-588))?
53
Let k(i) = 14*i. Let p be k(3). Let j = p - 25. Calculate the remainder when 0 + 47 + (3 - 1) is divided by j.
15
Suppose -3*o + 2*f = 0, o - 3*o = 4*f. Suppose o*z = 2*z - 74. Calculate the remainder when z is divided by 13.
11
Suppose 0 = a - 5*c + 3*c + 4, -5*a + 16 = -c. What is the remainder when a is divided by -3 + (-2 - -3) + 5?
1
Suppose 5*h + 21 = -4*f, 8*f - 2*h = 3*f + 15. Let m = 11 + f. What is the remainder when 22 is divided by m?
10
Suppose 5*i = -20, -4*i = -4*f + 9 + 7. Suppose x + f*x = 19. What is the remainder when 55 is divided by x?
17
Let b = 12 + -3. Calculate the remainder when 16 is divided by b.
7
Let p(w) = -w**3 + 7*w**2 + 13*w - 10. Calculate the remainder when 57 is divided by p(8).
27
Suppose 6*v = 3*v - 3*q + 96, -2*v + 60 = -2*q. Let c = -8 + v. What is the remainder when c is divided by 8?
7
Let i(w) = -w**3 - w**2 + 17. Calculate the remainder when 48 is divided by i(0).
14
Let r(s) = s**3 - 7*s**2 + 7*s + 8. Calculate the remainder when 53 is divided by r(6).
11
Let y(c) = -13*c + 2. Let u be y(-4). Suppose -84 = -5*j + r + u, r = -3*j + 86. Calculate the remainder when j is divided by 10.
8
Let s = -3 + 5. Let l(i) = 4 - 4*i - 2*i**s + 6*i**2 + i**3 - 1. Calculate the remainder when l(2) is divided by 10.
9
Let b be 8/20 + 16/10. Suppose 0 = -b*i + 3*z - 12, 5*i + 4 = -4*z - 26. Calculate the remainder when 15 is divided by (-44)/i + 4/6.
7
Suppose -14*k = -19*k + 180. Calculate the remainder when k is divided by 10.
6
Suppose -4*u = -3*g - 47, -5*u + 2*g + 30 = -34. What is the remainder when 54 is divided by u?
12
Let a(y) = -y**2 - 6*y - 2. Let u be a(-3). Let q(t) = t - 2. What is the remainder when 8 is divided by q(u)?
3
Suppose -8*y + 4*y + 52 = 0. Suppose -3*c + y = -35. Calculate the remainder when 46 + -2 - (-2 + 0) is divided by c.
14
What is the remainder when 39 is divided by (40/(-2))/(-3 - -2)?
19
Let d = 4 - 2. Let b(r) = 2*r**2 + 4*r - r**d + 0 + 4. What is the remainder when b(-4) is divided by 2?
0
Let m(w) = w**3 - w**2 + w + 11. Suppose 42 = 4*i - 2*i. Calculate the remainder when i is divided by m(0).
10
Let t(u) = -u**3 + 6*u**2 + u + 8. Let q(w) = -25*w**3 - 9*w**3 - w**3 + 1 - 4*w**3. Calculate the remainder when q(-1) is divided by t(6).
12
Let y be 1*(1 - (-2 - -3)). Suppose -2*s - 71 = t, 2*s - 3*t = -y*t - 59. Let g = s + 48. Calculate the remainder when g is divided by 5.
4
Suppose -9 = -3*m + u, -2*u - 8 = -4*m + 6. Suppose -m*g - 48 = -6*g. Calculate the remainder when 35 is divided by g.
11
Suppose -2*t = -2*v + 5 + 7, 24 = 4*v - t. Calculate the remainder when v is divided by ((-6)/5)/(-3)*10.
2
Let x(g) = -g + 9. Let m be x(4). Suppose -200 = -m*w - 5*j, 5*j = 5*w + 82 - 232. Let f = 41 + -29. Calculate the remainder when w is divided by f.
11
Calculate the remainder when 2/8 + 198/8 is divided by (39/(-156))/((-106)/104 + 1).
12
Let x = -43 - -85. Calculate the remainder when x is divided by 16.
10
Suppo